{"id":556,"date":"2022-01-03T08:45:18","date_gmt":"2022-01-03T07:45:18","guid":{"rendered":"https:\/\/mopsradziejow.pl\/?post_type=bip&#038;p=556"},"modified":"2022-01-11T09:37:33","modified_gmt":"2022-01-11T08:37:33","slug":"zapytanie-ofertowe-na-wykonywanie-specjalistycznych-uslug-opiekunczych-dla-osob-z-zaburzeniami-psychicznymi-3","status":"publish","type":"bip","link":"https:\/\/mopsradziejow.pl\/index.php\/bip\/zapytanie-ofertowe-na-wykonywanie-specjalistycznych-uslug-opiekunczych-dla-osob-z-zaburzeniami-psychicznymi-3\/","title":{"rendered":"Zapytanie ofertowe na wykonywanie specjalistycznych us\u0142ug opieku\u0144czych dla os\u00f3b z zaburzeniami psychicznymi 1\/2022"},"content":{"rendered":"\n<p>Znak post\u0119powania : K.4220.1.2022<\/p>\n\n\n\n<p><strong>ZAPYTANIE OFERTOWE<\/strong><\/p>\n\n\n\n<p>W zwi\u0105zku z art. 4 pkt. 8 ustawy z dnia 29 stycznia 2004r. Prawo zam\u00f3wie\u0144 publicznych (t.j. Dz. U. z 2010r. Nr 113, poz. 759 z p\u00f3\u017an. zm.) Miejski O\u015brodek Pomocy Spo\u0142ecznej w Radziejowie zwraca si\u0119 z Zapytaniem ofertowym na wykonywanie specjalistycznych us\u0142ug opieku\u0144czych dla os\u00f3b z zaburzeniami psychicznymi.<\/p>\n\n\n\n<ol class=\"wp-block-list\" type=\"1\"><li>Zamawiaj\u0105cy: Gmina Miasto Radziej\u00f3w\/Miejski O\u015brodek Pomocy Spo\u0142ecznej w Radziejowie<\/li><li>Przedmiot zam\u00f3wienia: Wykonywanie specjalistycznych us\u0142ug opieku\u0144czych, \u015bwiadczonych przez osoby ze specjalistycznym przygotowaniem zawodowym, dla os\u00f3b z zaburzeniami psychicznymi<\/li><li>Termin realizacji zam\u00f3wienia: 10 stycznia 2022 &nbsp;-31 grudzie\u0144 2022.<\/li><li>Kryterium oceny ofert: Najkorzystniejsz\u0105 ofert\u0105 jest najni\u017csza cena brutto godziny wykonywania us\u0142ug .<\/li><li>Og\u00f3lny zakres wykonywanych czynno\u015bci-specyfikacja zam\u00f3wienia<ol><li>Przedmiotem zam\u00f3wienia jest wykonywanie specjalistycznych us\u0142ug opieku\u0144czych dla dzieci z terenu Gminy Miasto Radziej\u00f3w .<\/li><\/ol><ol><li>&nbsp;Przez specjalistyczne us\u0142ugi opieku\u0144cze rozumie si\u0119 \u015bwiadczenie us\u0142ug-wcze\u015bniej zleconych przez lekarza specjalist\u0119 , w zakresie m.in:<ol><li>terapii integracji sensorycznej,<\/li><\/ol><ol><li>terapii logopedycznej,<\/li><\/ol><ol><li>fizjoterapii,<\/li><\/ol><\/li><\/ol><ol><li>Rzeczywista liczba godzin \u015bwiadczenia us\u0142ug uzale\u017cniona b\u0119dzie od potrzeb Zamawiaj\u0105cego.<\/li><\/ol><ol><li>Wykonawca zobowi\u0105zuje si\u0119 do wykonywania us\u0142ug w dni robocze, w szczeg\u00f3lnie uzasadnionych przypadkach za zgod\u0105 os\u00f3b, b\u0105d\u017a ich opiekun\u00f3w prawnych dopuszcza si\u0119 \u015bwiadczenie us\u0142ug w sobot\u0119.<\/li><\/ol><ol><li>Oferta mo\u017ce dotyczy\u0107 jednego typu us\u0142ug, dw\u00f3ch lub wszystkich trzech.<\/li><\/ol><\/li><li>Zam\u00f3wienie musi zosta\u0107 wykonane zgodnie z:<ol><li>Art. 18 ust. 1 pkt. 3oraz art. 50 ust. 4 i ust. 7 ustawy z dnia 12 marca 2004 roku o pomocy spo\u0142ecznej(tekst jedn. Dz. U. z 2009r. Nr. 175, poz. 1362 z p\u00f3\u017an. zm);<\/li><\/ol><ol><li>Rozporz\u0105dzeniem Ministra i Polityki Spo\u0142ecznej z dnia 22 wrze\u015bnia 2005r. w sprawie specjalistycznych us\u0142ug opieku\u0144czych (Dz. U. z 2005r. Nr 189, poz. 1598 z p\u00f3\u017an. zm.).<\/li><\/ol><\/li><li>Niezb\u0119dne wymagania:<ol><li>Posiadanie kwalifikacji do wykonywania zawodu: psychologa, pedagoga, logopedy, terapeuty zaj\u0119ciowego, piel\u0119gniarki, asystenta osoby niepe\u0142nosprawnej, opiekunki \u015brodowiskowej, specjalisty w zakresie rehabilitacji medycznej, fizjoterapeuty, innego zawodu daj\u0105cego wiedz\u0119 i umiej\u0119tno\u015bci pozwalaj\u0105ce \u015bwiadczy\u0107 specjalistyczne us\u0142ugi,<\/li><\/ol><ol><li>posiadanie co najmniej p\u00f3\u0142rocznego sta\u017cu w jednej z nast\u0119puj\u0105cych jednostek:<ol><li>szpitalu psychiatrycznym;<\/li><\/ol><ol><li>jednostce organizacyjnej pomocy spo\u0142ecznej dla os\u00f3b z zaburzeniami psychicznymi;<\/li><\/ol><ol><li>&nbsp;plac\u00f3wce terapii lub plac\u00f3wce o\u015bwiatowej, do kt\u00f3rej ucz\u0119szczaj\u0105 dzieci z zaburzeniami rozwoju lub upo\u015bledzeniem umys\u0142owym;<\/li><\/ol><ol><li>o\u015brodku terapeutyczno \u2013edukacyjno \u2013wychowawczym;<\/li><\/ol><ol><li>zak\u0142adzie rehabilitacji;<\/li><\/ol><ol><li>innej jednostce ni\u017c wymienione w pkt b \u015bwiadcz\u0105cej specjalistyczne us\u0142ugi opieku\u0144cze dla os\u00f3b z zaburzeniami psychicznymi;<\/li><\/ol><ol><li>&nbsp;lub w uzasadnionych przypadkach posiadanie dokument\u00f3w potwierdzaj\u0105cych zdobywanie lub podnoszenie wy\u017cej wymienionych kwalifikacji zawodowych oraz posiadanie co najmniej rocznego sta\u017cu pracy w w\/w jednostce oraz posiadanie mo\u017cliwo\u015bci konsultacji z osobami \u015bwiadcz\u0105cymi specjalistyczne us\u0142ugi, posiadaj\u0105cymi wymagane kwalifikacje.<\/li><\/ol><\/li><\/ol><ol><li>Posiadanie przeszkolenia i do\u015bwiadczenia w zakresie:<ol><li>umiej\u0119tno\u015bci kszta\u0142towania motywacji do akceptowanych przez otoczenie zachowa\u0144,<\/li><\/ol><ol><li>kszta\u0142towania nawyk\u00f3w celowej aktywno\u015bci,<\/li><\/ol><ol><li>prowadzenia treningu zachowa\u0144 spo\u0142ecznych.<\/li><\/ol><\/li><\/ol><\/li><li>Wymagane dokumenty:<ol><li>Oferta cenowa za wykonywanie jednej godziny specjalistycznych us\u0142ug opieku\u0144czych dla os\u00f3b z zaburzeniami psychicznymi,<\/li><\/ol><ol><li>CV- terapeut\u00f3w,<\/li><\/ol><ol><li>List motywacyjny &#8211; tylko w przypadku osoby fizycznej,<\/li><\/ol><ol><li>Dokument potwierdzaj\u0105cy wykszta\u0142cenie.<\/li><\/ol><ol><li>Inne dodatkowe dokumenty potwierdzaj\u0105ce posiadane kwalifikacje i umiej\u0119tno\u015bci,<\/li><\/ol><ol><li>O\u015bwiadczenie o pe\u0142nej zdolno\u015bci do czynno\u015bci prawnych i korzystaniu z pe\u0142ni praw publicznych,<\/li><\/ol><ol><li>O\u015bwiadczenie o niekaralno\u015bci za przest\u0119pstwo pope\u0142nione umy\u015blnie, \u015bcigane z oskar\u017cenia publicznego,<\/li><\/ol><ol><li>podpisanie klauzuli informacyjnej<\/li><\/ol><\/li><li>Spos\u00f3b przygotowania oferty.<ol><li>Ofert\u0119 sporz\u0105dzi\u0107 nale\u017cy na za\u0142\u0105czonym druku \u201eOFERTA\u201d ( za\u0142\u0105cznik nr 1).<\/li><\/ol><ol><li>Ofert\u0119 z\u0142o\u017cy\u0107 nale\u017cy do dnia 10.01.2022r. do godz. 15.00 osobi\u015bcie w MOPS w Radziejowie, poczt\u0105 na adres: Miejski O\u015brodek Pomocy Spo\u0142ecznej ul. Rynek 1, 88-200 Radziej\u00f3w lub elektronicznie poprzez Epuap (pismo og\u00f3lne)<\/li><\/ol><ol><li>Dokumenty aplikacyjne sk\u0142adane tradycyjnie powinny by\u0107 umieszczone w zamkni\u0119tej kopercie z dopiskiem: \u201e Zapytanie ofertowe na \u015bwiadczenie specjalistycznych us\u0142ug opieku\u0144czych\u201d.<\/li><\/ol><ol><li>Dokumenty sk\u0142adane elektronicznie powinny zosta\u0107 z\u0142o\u017cone przez Epuap przez osob\u0119 uprawnion\u0105 (osobisty profil zaufany lub skojarzony z osob\u0105 prawn\u0105)<\/li><\/ol><ol><li>Dokumenty, kt\u00f3re wp\u0142yn\u0105 do MOPS po wy\u017cej okre\u015blonym terminie, nie b\u0119d\u0105 rozpatrywane.<\/li><\/ol><ol><li>Wymagane dokumenty: CV oraz list motywacyjny, powinny by\u0107 opatrzone klauzul\u0105: \u201eWyra\u017cam zgod\u0119 na przetwarzanie moich danych osobowych zawartych w ofercie pracy dla potrzeb niezb\u0119dnych dla realizacji procesu naboru zgodnie z ustaw\u0105 z dnia 29 sierpnia 1997r. o ochronie danych osobowych (Dz. U. z 2002roku Nr 101, poz. 926 z p\u00f3\u017an. zm.)\u201d oraz w\u0142asnor\u0119cznie podpisane.<\/li><\/ol><ol><li>Za dat\u0119 z\u0142o\u017cenia dokument\u00f3w drog\u0105 pocztow\u0105 uwa\u017ca si\u0119 dat\u0119 z\u0142o\u017cenia wymaganych dokument\u00f3w w siedzibie MOPS w Radziejowie.<\/li><\/ol><\/li><li>Osoba do kontaktu: <em>Tomasz Dominiak<\/em> Tel (54) 285 46 00 lub 668&nbsp;929 946<\/li><\/ol>\n\n\n\n<div class=\"wp-block-file\"><a href=\"https:\/\/mopsradziejow.pl\/wp-content\/uploads\/2022\/01\/zapytanie-oferta-2022-SUO.pdf\">zapytanie-oferta-2022-SUO<\/a><a href=\"https:\/\/mopsradziejow.pl\/wp-content\/uploads\/2022\/01\/zapytanie-oferta-2022-SUO.pdf\" class=\"wp-block-file__button\" download>Pobierz<\/a><\/div>\n\n\n\n<div class=\"wp-block-file\"><a href=\"https:\/\/mopsradziejow.pl\/wp-content\/uploads\/2020\/07\/formularz-oferta.doc\">formularz &#8211; oferta<\/a><a href=\"https:\/\/mopsradziejow.pl\/wp-content\/uploads\/2020\/07\/formularz-oferta.doc\" class=\"wp-block-file__button\" download>Pobierz<\/a><\/div>\n\n\n\n<div class=\"wp-block-file\"><a href=\"https:\/\/mopsradziejow.pl\/wp-content\/uploads\/2021\/03\/Klauzula-informacyjna-z-art13-2021.pdf\">Klauzula-informacyjna-z-art13-2021<\/a><a href=\"https:\/\/mopsradziejow.pl\/wp-content\/uploads\/2021\/03\/Klauzula-informacyjna-z-art13-2021.pdf\" class=\"wp-block-file__button\" download>Pobierz<\/a><\/div>\n\n\n\n<hr class=\"wp-block-separator\"\/>\n\n\n\n<p>Do dnia 10.01.2022 r. wp\u0142yn\u0119\u0142a 1 oferta:<\/p>\n\n\n\n<ul class=\"wp-block-list\"><li>BEMAROL Beata Przybylska<\/li><\/ul>\n\n\n\n<p>W\/w oferta spe\u0142nia wymagania wymienione w zapytaniu i zosta\u0142a wybrana do realizacji.<\/p>\n","protected":false},"excerpt":{"rendered":"<p>Znak post\u0119powania : K.4220.1.2022 ZAPYTANIE OFERTOWE W zwi\u0105zku z art. 4 pkt. 8 ustawy z dnia 29 stycznia 2004r. Prawo zam\u00f3wie\u0144 publicznych (t.j. Dz. U. z 2010r. Nr 113, poz. 759 z p\u00f3\u017an. zm.) Miejski O\u015brodek Pomocy Spo\u0142ecznej w Radziejowie zwraca si\u0119 z Zapytaniem ofertowym na wykonywanie specjalistycznych us\u0142ug opieku\u0144czych &hellip;<\/p>\n","protected":false},"author":2,"featured_media":0,"parent":0,"template":"","class_list":["post-556","bip","type-bip","status-publish","hentry","type-page"],"_links":{"self":[{"href":"https:\/\/mopsradziejow.pl\/index.php\/wp-json\/wp\/v2\/bip\/556","targetHints":{"allow":["GET"]}}],"collection":[{"href":"https:\/\/mopsradziejow.pl\/index.php\/wp-json\/wp\/v2\/bip"}],"about":[{"href":"https:\/\/mopsradziejow.pl\/index.php\/wp-json\/wp\/v2\/types\/bip"}],"author":[{"embeddable":true,"href":"https:\/\/mopsradziejow.pl\/index.php\/wp-json\/wp\/v2\/users\/2"}],"version-history":[{"count":3,"href":"https:\/\/mopsradziejow.pl\/index.php\/wp-json\/wp\/v2\/bip\/556\/revisions"}],"predecessor-version":[{"id":580,"href":"https:\/\/mopsradziejow.pl\/index.php\/wp-json\/wp\/v2\/bip\/556\/revisions\/580"}],"wp:attachment":[{"href":"https:\/\/mopsradziejow.pl\/index.php\/wp-json\/wp\/v2\/media?parent=556"}],"curies":[{"name":"wp","href":"https:\/\/api.w.org\/{rel}","templated":true}]}}

Zapytanie ofertowe na wykonywanie specjalistycznych usług opiekuńczych dla osób z zaburzeniami psychicznymi 1/2022

<p>Znak postępowania : K.4220.1.2022</p>



<p><strong>ZAPYTANIE OFERTOWE</strong></p>



<p>W związku z art. 4 pkt. 8 ustawy z dnia 29 stycznia 2004r. Prawo zamówień publicznych (t.j. Dz. U. z 2010r. Nr 113, poz. 759 z późn. zm.) Miejski Ośrodek Pomocy Społecznej w Radziejowie zwraca się z Zapytaniem ofertowym na wykonywanie specjalistycznych usług opiekuńczych dla osób z zaburzeniami psychicznymi.</p>



<ol class="wp-block-list" type="1"><li>Zamawiający: Gmina Miasto Radziejów/Miejski Ośrodek Pomocy Społecznej w Radziejowie</li><li>Przedmiot zamówienia: Wykonywanie specjalistycznych usług opiekuńczych, świadczonych przez osoby ze specjalistycznym przygotowaniem zawodowym, dla osób z zaburzeniami psychicznymi</li><li>Termin realizacji zamówienia: 10 stycznia 2022 &nbsp;-31 grudzień 2022.</li><li>Kryterium oceny ofert: Najkorzystniejszą ofertą jest najniższa cena brutto godziny wykonywania usług .</li><li>Ogólny zakres wykonywanych czynności-specyfikacja zamówienia<ol><li>Przedmiotem zamówienia jest wykonywanie specjalistycznych usług opiekuńczych dla dzieci z terenu Gminy Miasto Radziejów .</li></ol><ol><li>&nbsp;Przez specjalistyczne usługi opiekuńcze rozumie się świadczenie usług-wcześniej zleconych przez lekarza specjalistę , w zakresie m.in:<ol><li>terapii integracji sensorycznej,</li></ol><ol><li>terapii logopedycznej,</li></ol><ol><li>fizjoterapii,</li></ol></li></ol><ol><li>Rzeczywista liczba godzin świadczenia usług uzależniona będzie od potrzeb Zamawiającego.</li></ol><ol><li>Wykonawca zobowiązuje się do wykonywania usług w dni robocze, w szczególnie uzasadnionych przypadkach za zgodą osób, bądź ich opiekunów prawnych dopuszcza się świadczenie usług w sobotę.</li></ol><ol><li>Oferta może dotyczyć jednego typu usług, dwóch lub wszystkich trzech.</li></ol></li><li>Zamówienie musi zostać wykonane zgodnie z:<ol><li>Art. 18 ust. 1 pkt. 3oraz art. 50 ust. 4 i ust. 7 ustawy z dnia 12 marca 2004 roku o pomocy społecznej(tekst jedn. Dz. U. z 2009r. Nr. 175, poz. 1362 z późn. zm);</li></ol><ol><li>Rozporządzeniem Ministra i Polityki Społecznej z dnia 22 września 2005r. w sprawie specjalistycznych usług opiekuńczych (Dz. U. z 2005r. Nr 189, poz. 1598 z późn. zm.).</li></ol></li><li>Niezbędne wymagania:<ol><li>Posiadanie kwalifikacji do wykonywania zawodu: psychologa, pedagoga, logopedy, terapeuty zajęciowego, pielęgniarki, asystenta osoby niepełnosprawnej, opiekunki środowiskowej, specjalisty w zakresie rehabilitacji medycznej, fizjoterapeuty, innego zawodu dającego wiedzę i umiejętności pozwalające świadczyć specjalistyczne usługi,</li></ol><ol><li>posiadanie co najmniej półrocznego stażu w jednej z następujących jednostek:<ol><li>szpitalu psychiatrycznym;</li></ol><ol><li>jednostce organizacyjnej pomocy społecznej dla osób z zaburzeniami psychicznymi;</li></ol><ol><li>&nbsp;placówce terapii lub placówce oświatowej, do której uczęszczają dzieci z zaburzeniami rozwoju lub upośledzeniem umysłowym;</li></ol><ol><li>ośrodku terapeutyczno –edukacyjno –wychowawczym;</li></ol><ol><li>zakładzie rehabilitacji;</li></ol><ol><li>innej jednostce niż wymienione w pkt b świadczącej specjalistyczne usługi opiekuńcze dla osób z zaburzeniami psychicznymi;</li></ol><ol><li>&nbsp;lub w uzasadnionych przypadkach posiadanie dokumentów potwierdzających zdobywanie lub podnoszenie wyżej wymienionych kwalifikacji zawodowych oraz posiadanie co najmniej rocznego stażu pracy w w/w jednostce oraz posiadanie możliwości konsultacji z osobami świadczącymi specjalistyczne usługi, posiadającymi wymagane kwalifikacje.</li></ol></li></ol><ol><li>Posiadanie przeszkolenia i doświadczenia w zakresie:<ol><li>umiejętności kształtowania motywacji do akceptowanych przez otoczenie zachowań,</li></ol><ol><li>kształtowania nawyków celowej aktywności,</li></ol><ol><li>prowadzenia treningu zachowań społecznych.</li></ol></li></ol></li><li>Wymagane dokumenty:<ol><li>Oferta cenowa za wykonywanie jednej godziny specjalistycznych usług opiekuńczych dla osób z zaburzeniami psychicznymi,</li></ol><ol><li>CV- terapeutów,</li></ol><ol><li>List motywacyjny &#8211; tylko w przypadku osoby fizycznej,</li></ol><ol><li>Dokument potwierdzający wykształcenie.</li></ol><ol><li>Inne dodatkowe dokumenty potwierdzające posiadane kwalifikacje i umiejętności,</li></ol><ol><li>Oświadczenie o pełnej zdolności do czynności prawnych i korzystaniu z pełni praw publicznych,</li></ol><ol><li>Oświadczenie o niekaralności za przestępstwo popełnione umyślnie, ścigane z oskarżenia publicznego,</li></ol><ol><li>podpisanie klauzuli informacyjnej</li></ol></li><li>Sposób przygotowania oferty.<ol><li>Ofertę sporządzić należy na załączonym druku „OFERTA” ( załącznik nr 1).</li></ol><ol><li>Ofertę złożyć należy do dnia 10.01.2022r. do godz. 15.00 osobiście w MOPS w Radziejowie, pocztą na adres: Miejski Ośrodek Pomocy Społecznej ul. Rynek 1, 88-200 Radziejów lub elektronicznie poprzez Epuap (pismo ogólne)</li></ol><ol><li>Dokumenty aplikacyjne składane tradycyjnie powinny być umieszczone w zamkniętej kopercie z dopiskiem: „ Zapytanie ofertowe na świadczenie specjalistycznych usług opiekuńczych”.</li></ol><ol><li>Dokumenty składane elektronicznie powinny zostać złożone przez Epuap przez osobę uprawnioną (osobisty profil zaufany lub skojarzony z osobą prawną)</li></ol><ol><li>Dokumenty, które wpłyną do MOPS po wyżej określonym terminie, nie będą rozpatrywane.</li></ol><ol><li>Wymagane dokumenty: CV oraz list motywacyjny, powinny być opatrzone klauzulą: „Wyrażam zgodę na przetwarzanie moich danych osobowych zawartych w ofercie pracy dla potrzeb niezbędnych dla realizacji procesu naboru zgodnie z ustawą z dnia 29 sierpnia 1997r. o ochronie danych osobowych (Dz. U. z 2002roku Nr 101, poz. 926 z późn. zm.)” oraz własnoręcznie podpisane.</li></ol><ol><li>Za datę złożenia dokumentów drogą pocztową uważa się datę złożenia wymaganych dokumentów w siedzibie MOPS w Radziejowie.</li></ol></li><li>Osoba do kontaktu: <em>Tomasz Dominiak</em> Tel (54) 285 46 00 lub 668&nbsp;929 946</li></ol>



<div class="wp-block-file"><a href="https://mopsradziejow.pl/wp-content/uploads/2022/01/zapytanie-oferta-2022-SUO.pdf">zapytanie-oferta-2022-SUO</a><a href="https://mopsradziejow.pl/wp-content/uploads/2022/01/zapytanie-oferta-2022-SUO.pdf" class="wp-block-file__button" download>Pobierz</a></div>



<div class="wp-block-file"><a href="https://mopsradziejow.pl/wp-content/uploads/2020/07/formularz-oferta.doc">formularz &#8211; oferta</a><a href="https://mopsradziejow.pl/wp-content/uploads/2020/07/formularz-oferta.doc" class="wp-block-file__button" download>Pobierz</a></div>



<div class="wp-block-file"><a href="https://mopsradziejow.pl/wp-content/uploads/2021/03/Klauzula-informacyjna-z-art13-2021.pdf">Klauzula-informacyjna-z-art13-2021</a><a href="https://mopsradziejow.pl/wp-content/uploads/2021/03/Klauzula-informacyjna-z-art13-2021.pdf" class="wp-block-file__button" download>Pobierz</a></div>



<hr class="wp-block-separator"/>



<p>Do dnia 10.01.2022 r. wpłynęła 1 oferta:</p>



<ul class="wp-block-list"><li>BEMAROL Beata Przybylska</li></ul>



<p>W/w oferta spełnia wymagania wymienione w zapytaniu i została wybrana do realizacji.</p>

<p>Znak postępowania : K.4220.1.2022 ZAPYTANIE OFERTOWE W związku z art. 4 pkt. 8 ustawy z dnia 29 stycznia 2004r. Prawo zamówień publicznych (t.j. Dz. U. z 2010r. Nr 113, poz. 759 z późn. zm.) Miejski Ośrodek Pomocy Społecznej w Radziejowie zwraca się z Zapytaniem ofertowym na wykonywanie specjalistycznych usług opiekuńczych &hellip;</p>
