{"id":1100,"date":"2025-08-27T10:25:50","date_gmt":"2025-08-27T08:25:50","guid":{"rendered":"https:\/\/mopsradziejow.pl\/?page_id=1100"},"modified":"2025-08-27T10:25:50","modified_gmt":"2025-08-27T08:25:50","slug":"klauzula-informacyjna","status":"publish","type":"page","link":"https:\/\/mopsradziejow.pl\/index.php\/klauzula-informacyjna\/","title":{"rendered":"Klauzula informacyjna"},"content":{"rendered":"\n<p><strong><span style=\"text-decoration: underline;\">Klauzula informacyjna Miejskiego O\u015brodka Pomocy Spo\u0142ecznej w Radziejowie<\/span><\/strong><br>Informuj\u0119 Pa\u0144stwa, \u017ce w zwi\u0105zku z wej\u015bciem w \u017cycie z dniem 25 maja 2018 roku przepis\u00f3w Rozporz\u0105dzenia Parlamentu Europejskiego i Rady (UE) 2016\/679 z dnia 27 kwietnia 2016 r. w sprawie ochrony os\u00f3b fizycznych w zwi\u0105zku z przetwarzaniem danych osobowych i w sprawie swobodnego przep\u0142ywu takich danych oraz uchylenia dyrektywy 95\/46\/WE (og\u00f3lne rozporz\u0105dzenie o ochronie danych, dalej: RODO) informujemy, i\u017c na podstawie art. 13 RODO od dnia 25 maja 2018r. b\u0119d\u0105 Pani\/Panu przys\u0142ugiwa\u0142y okre\u015blone poni\u017cej prawa zwi\u0105zane z przetwarzaniem Pani\/Pana danych osobowych przez Miejski O\u015brodek Pomocy Spo\u0142ecznej w Radziejowie.<\/p>\n\n\n\n<ol class=\"wp-block-list\">\n<li>Administratorem Pa\u0144stwa danych osobowych jest Miejski O\u015brodek Pomocy Spo\u0142ecznej w Radziejowie z siedzib\u0105 przy ul. Rynek 1, 88-200 Radziej\u00f3w<\/li>\n\n\n\n<li>Administrator wyznaczy\u0142 Inspektora Ochrony Danych, z kt\u00f3rym mo\u017ce Pani\/Pan skontaktowa\u0107 si\u0119 poprzez e-mail: kontakt@mopsradziejow.pl , lub telefonicznie 54 285 22 86. Z inspektorem ochrony danych mo\u017cna kontaktowa\u0107 si\u0119 we wszystkich sprawach dotycz\u0105cych przetwarzania danych osobowych oraz korzystania z praw zwi\u0105zanych z przetwarzaniem danych.<\/li>\n\n\n\n<li>Pa\u0144stwa dane osobowe przetwarzanie b\u0119d\u0105 w celu:<br>a. umo\u017cliwienia interesariuszom realizacji uprawnie\u0144 i obowi\u0105zk\u00f3w wymaganych przepisami powszechnie obowi\u0105zuj\u0105cego prawa,<br>b. umo\u017cliwienia interesariuszom realizacji uprawnie\u0144 i obowi\u0105zk\u00f3w wynikaj\u0105cych z uczestnictwa w projektach\/programach finansowanych ze \u015brodk\u00f3w europejskich, krajowych itp. maj\u0105cych na celu wspieranie rzeczowe, szkoleniowe, us\u0142ugowe, finansowe i inne beneficjent\u00f3w,<br>c. zapewnienia mo\u017cliwo\u015bci realizacji zada\u0144 wynikaj\u0105cych z zapis\u00f3w statutu Miejskiego O\u015brodka Pomocy Spo\u0142ecznej w Radziejowie,<br>d. zapewnienia bezpiecze\u0144stwa os\u00f3b, mienia i informacji w MOPS w Radziejowie poprzez monitoring z zachowaniem prywatno\u015bci i godno\u015bci os\u00f3b,<br>e. dostarczania do organizacji nowych zasob\u00f3w materialnych, us\u0142ug i praw,<br>f. obs\u0142ugi proces\u00f3w rekrutacji i zatrudnienia,<br>g. kiedy przetwarzanie jest niezb\u0119dne do wype\u0142nienia obowi\u0105zku prawnego ci\u0105\u017c\u0105cego na administratorze, oraz realizowanego zadania w interesie publicznym lub w ramach sprawowania w\u0142adzy publicznej powierzonej administratorowi,<br>h. w innych przypadkach Pani\/Pana dane osobowe przetwarzane b\u0119d\u0105 wy\u0142\u0105cznie na podstawie wcze\u015bniej udzielonej zgody w zakresie i celu okre\u015blonym w tre\u015bci zgody na podstawie art. 6 ust. 1 lit. c oraz art. 9 ust.2 lit. g \u2013 og\u00f3lnego rozporz\u0105dzenia o ochronie danych osobowych z dnia 27 kwietnia 2016r.,<br>i. kiedy dane osobowe nie podlegaj\u0105 zautomatyzowanemu podejmowaniu decyzji przez Administratora Danych, w tym profilowaniu.<\/li>\n\n\n\n<li>Ka\u017cdemu z Pa\u0144stwa przys\u0142uguj\u0105 prawa:<br>a. dost\u0119pu do dotycz\u0105cych go danych oraz otrzymania ich kopii;<br>b. sprostowania (poprawiania) swoich danych je\u015bli s\u0105 nieprawid\u0142owe oraz uzupe\u0142nienia;<br>c. do ograniczenia przetwarzania danych;<br>d. usuni\u0119cia danych (zgodnie z uwarunkowaniami okre\u015blonymi w art. 17 RODO),<br>e. do przenoszenia danych (zgodnie z uwarunkowaniami okre\u015blonymi w art. 20 RODO),<br>f. wniesienia sprzeciwu wobec przetwarzania danych,<\/li>\n\n\n\n<li>Pa\u0144stwa dane osobowe przechowywane b\u0119d\u0105 na podstawie przepis\u00f3w prawa, przez okres niezb\u0119dny do realizacji cel\u00f3w przetwarzania wskazanych w pkt 3, lecz nie kr\u00f3cej ni\u017c przez okres wskazany w przepisach o archiwizacji.<\/li>\n\n\n\n<li>W zwi\u0105zku z przetwarzaniem danych w celach wskazanych w pkt 3, Pani\/Pana dane osobowe mog\u0105 by\u0107 udost\u0119pniane innym odbiorcom lub kategoriom odbiorc\u00f3w danych osobowych. Odbiorcami Pani\/Pana danych osobowych mog\u0105 by\u0107 tylko podmioty uprawnione do odbioru Pani\/Pana danych, w tym pa\u0144stwa trzecie, w uzasadnionych przypadkach i na podstawie odpowiednich przepis\u00f3w prawa.<\/li>\n\n\n\n<li>Przys\u0142uguje Pani\/Panu prawo wniesienia skargi do organu nadzorczego zajmuj\u0105cego si\u0119 ochron\u0105 danych osobowych w pa\u0144stwie cz\u0142onkowskim Pani\/Pana zwyk\u0142ego pobytu, miejsca pracy lub miejsca pope\u0142nienia domniemanego naruszenia &#8211; Biuro Prezesa Urz\u0119du Ochrony Danych Osobowych (PUODO) Ul. Stawki 2, 00-193 Warszawa Telefon: 22 5310301<\/li>\n\n\n\n<li>Podanie danych osobowych w celu za\u0142atwienia sprawy w Miejskim O\u015brodku Pomocy Spo\u0142ecznej w Radziejowie ma charakter obowi\u0105zkowy w zakresie okre\u015blonym w przepisach szczeg\u00f3lnych.<\/li>\n\n\n\n<li>Podawane dane osobowe nie b\u0119d\u0105 przetwarzane w spos\u00f3b zautomatyzowany ani te\u017c w formie profilowania.<\/li>\n<\/ol>\n","protected":false},"excerpt":{"rendered":"<p>Klauzula informacyjna Miejskiego O\u015brodka Pomocy Spo\u0142ecznej w RadziejowieInformuj\u0119 Pa\u0144stwa, \u017ce w zwi\u0105zku z wej\u015bciem w \u017cycie z dniem 25 maja 2018 roku przepis\u00f3w Rozporz\u0105dzenia Parlamentu Europejskiego i Rady (UE) 2016\/679 z dnia 27 kwietnia 2016 r. w sprawie ochrony os\u00f3b fizycznych w zwi\u0105zku z przetwarzaniem danych osobowych i w sprawie &hellip;<\/p>\n","protected":false},"author":2,"featured_media":0,"parent":0,"menu_order":0,"comment_status":"closed","ping_status":"closed","template":"","meta":{"footnotes":""},"class_list":["post-1100","page","type-page","status-publish","hentry"],"_links":{"self":[{"href":"https:\/\/mopsradziejow.pl\/index.php\/wp-json\/wp\/v2\/pages\/1100","targetHints":{"allow":["GET"]}}],"collection":[{"href":"https:\/\/mopsradziejow.pl\/index.php\/wp-json\/wp\/v2\/pages"}],"about":[{"href":"https:\/\/mopsradziejow.pl\/index.php\/wp-json\/wp\/v2\/types\/page"}],"author":[{"embeddable":true,"href":"https:\/\/mopsradziejow.pl\/index.php\/wp-json\/wp\/v2\/users\/2"}],"replies":[{"embeddable":true,"href":"https:\/\/mopsradziejow.pl\/index.php\/wp-json\/wp\/v2\/comments?post=1100"}],"version-history":[{"count":1,"href":"https:\/\/mopsradziejow.pl\/index.php\/wp-json\/wp\/v2\/pages\/1100\/revisions"}],"predecessor-version":[{"id":1102,"href":"https:\/\/mopsradziejow.pl\/index.php\/wp-json\/wp\/v2\/pages\/1100\/revisions\/1102"}],"wp:attachment":[{"href":"https:\/\/mopsradziejow.pl\/index.php\/wp-json\/wp\/v2\/media?parent=1100"}],"curies":[{"name":"wp","href":"https:\/\/api.w.org\/{rel}","templated":true}]}}

<p><strong><span style="text-decoration: underline;">Klauzula informacyjna Miejskiego Ośrodka Pomocy Społecznej w Radziejowie</span></strong><br>Informuję Państwa, że w związku z wejściem w życie z dniem 25 maja 2018 roku przepisów Rozporządzenia Parlamentu Europejskiego i Rady (UE) 2016/679 z dnia 27 kwietnia 2016 r. w sprawie ochrony osób fizycznych w związku z przetwarzaniem danych osobowych i w sprawie swobodnego przepływu takich danych oraz uchylenia dyrektywy 95/46/WE (ogólne rozporządzenie o ochronie danych, dalej: RODO) informujemy, iż na podstawie art. 13 RODO od dnia 25 maja 2018r. będą Pani/Panu przysługiwały określone poniżej prawa związane z przetwarzaniem Pani/Pana danych osobowych przez Miejski Ośrodek Pomocy Społecznej w Radziejowie.</p>



<ol class="wp-block-list">
<li>Administratorem Państwa danych osobowych jest Miejski Ośrodek Pomocy Społecznej w Radziejowie z siedzibą przy ul. Rynek 1, 88-200 Radziejów</li>



<li>Administrator wyznaczył Inspektora Ochrony Danych, z którym może Pani/Pan skontaktować się poprzez e-mail: kontakt@mopsradziejow.pl , lub telefonicznie 54 285 22 86. Z inspektorem ochrony danych można kontaktować się we wszystkich sprawach dotyczących przetwarzania danych osobowych oraz korzystania z praw związanych z przetwarzaniem danych.</li>



<li>Państwa dane osobowe przetwarzanie będą w celu:<br>a. umożliwienia interesariuszom realizacji uprawnień i obowiązków wymaganych przepisami powszechnie obowiązującego prawa,<br>b. umożliwienia interesariuszom realizacji uprawnień i obowiązków wynikających z uczestnictwa w projektach/programach finansowanych ze środków europejskich, krajowych itp. mających na celu wspieranie rzeczowe, szkoleniowe, usługowe, finansowe i inne beneficjentów,<br>c. zapewnienia możliwości realizacji zadań wynikających z zapisów statutu Miejskiego Ośrodka Pomocy Społecznej w Radziejowie,<br>d. zapewnienia bezpieczeństwa osób, mienia i informacji w MOPS w Radziejowie poprzez monitoring z zachowaniem prywatności i godności osób,<br>e. dostarczania do organizacji nowych zasobów materialnych, usług i praw,<br>f. obsługi procesów rekrutacji i zatrudnienia,<br>g. kiedy przetwarzanie jest niezbędne do wypełnienia obowiązku prawnego ciążącego na administratorze, oraz realizowanego zadania w interesie publicznym lub w ramach sprawowania władzy publicznej powierzonej administratorowi,<br>h. w innych przypadkach Pani/Pana dane osobowe przetwarzane będą wyłącznie na podstawie wcześniej udzielonej zgody w zakresie i celu określonym w treści zgody na podstawie art. 6 ust. 1 lit. c oraz art. 9 ust.2 lit. g – ogólnego rozporządzenia o ochronie danych osobowych z dnia 27 kwietnia 2016r.,<br>i. kiedy dane osobowe nie podlegają zautomatyzowanemu podejmowaniu decyzji przez Administratora Danych, w tym profilowaniu.</li>



<li>Każdemu z Państwa przysługują prawa:<br>a. dostępu do dotyczących go danych oraz otrzymania ich kopii;<br>b. sprostowania (poprawiania) swoich danych jeśli są nieprawidłowe oraz uzupełnienia;<br>c. do ograniczenia przetwarzania danych;<br>d. usunięcia danych (zgodnie z uwarunkowaniami określonymi w art. 17 RODO),<br>e. do przenoszenia danych (zgodnie z uwarunkowaniami określonymi w art. 20 RODO),<br>f. wniesienia sprzeciwu wobec przetwarzania danych,</li>



<li>Państwa dane osobowe przechowywane będą na podstawie przepisów prawa, przez okres niezbędny do realizacji celów przetwarzania wskazanych w pkt 3, lecz nie krócej niż przez okres wskazany w przepisach o archiwizacji.</li>



<li>W związku z przetwarzaniem danych w celach wskazanych w pkt 3, Pani/Pana dane osobowe mogą być udostępniane innym odbiorcom lub kategoriom odbiorców danych osobowych. Odbiorcami Pani/Pana danych osobowych mogą być tylko podmioty uprawnione do odbioru Pani/Pana danych, w tym państwa trzecie, w uzasadnionych przypadkach i na podstawie odpowiednich przepisów prawa.</li>



<li>Przysługuje Pani/Panu prawo wniesienia skargi do organu nadzorczego zajmującego się ochroną danych osobowych w państwie członkowskim Pani/Pana zwykłego pobytu, miejsca pracy lub miejsca popełnienia domniemanego naruszenia &#8211; Biuro Prezesa Urzędu Ochrony Danych Osobowych (PUODO) Ul. Stawki 2, 00-193 Warszawa Telefon: 22 5310301</li>



<li>Podanie danych osobowych w celu załatwienia sprawy w Miejskim Ośrodku Pomocy Społecznej w Radziejowie ma charakter obowiązkowy w zakresie określonym w przepisach szczególnych.</li>



<li>Podawane dane osobowe nie będą przetwarzane w sposób zautomatyzowany ani też w formie profilowania.</li>
</ol>

<p>Klauzula informacyjna Miejskiego Ośrodka Pomocy Społecznej w RadziejowieInformuję Państwa, że w związku z wejściem w życie z dniem 25 maja 2018 roku przepisów Rozporządzenia Parlamentu Europejskiego i Rady (UE) 2016/679 z dnia 27 kwietnia 2016 r. w sprawie ochrony osób fizycznych w związku z przetwarzaniem danych osobowych i w sprawie &hellip;</p>
